. Let y(d) = c*q(d) - 9*k(d). Give y(2).
-7
Let r(p) = -4*p**2 - 8*p - 1. Let y(g) = -5*g**2 - 8*g - 3. Let a(u) = 6*r(u) - 5*y(u). What is a(6)?
-3
Let g(h) = h**3 + 6*h**2 + h + 6. Let k(q) = -q**3 + q + 1. Let i(m) = -10*m**2 + m + 13. Let d(y) = i(y) + k(y). Let v be d(-10). What is g(v)?
0
Suppose -2 = z - 4. Suppose -4*s + 4*j + 7 = 23, 0 = -z*s - 4*j - 20. Let g(p) = p**3 + 7*p**2 + 6*p - 4. Calculate g(s).
-4
Let o(l) = l**3 - l**2 - 5*l + 4. Let a be o(3). Let t(u) be the third derivative of u**4/24 - 5*u**3/3 - 9*u**2 + 15. Determine t(a).
-3
Suppose 0 = -m + 2*a + 2*a - 15, -3*a = -12. Let q(f) be the third derivative of -11*f**6/120 - 30*f**2. Calculate q(m).
-11
Let j(q) = 2*q + 6. Let p be j(-4). Let b(a) be the first derivative of -a**4/4 - a**3/3 + a**2/2 - 2*a + 1010. What is b(p)?
0
Let x = -14 + 23. Suppose -s = -4*s - x. Let z(a) = a**3 + a**2 - 4*a. Determine z(s).
-6
Let c be (3 + (-32)/4)*(19 - 18). Let v(q) = q**3 + 6*q**2 + 4*q - 3. Give v(c).
2
Let w(j) = -j**3 + 6*j**2 + 7*j + 1. Let y be (-24 - -12)/((-1)/(6/9)). Give w(y).
-71
Let k(l) = -l**2 - l - 2. Suppose 9 = 7*a - 4*a. Suppose 0 = 5*z + 25, 2*z = -q + a*z + 7. Give k(q).
-8
Suppose -4*s = -16 - 0. Let b(l) = l + 2*l - 4*l - s. Calculate b(3).
-7
Let t(n) be the third derivative of -n**4/4 + 5*n**3/6 - 174*n**2. What is t(-4)?
29
Let q(w) = -w**3 + 7*w**2 - 7*w + 2. Let f be 4*(1 - 4/8). Suppose -f*u = k - 11, k - 26 = -5*u - 0*u. Calculate q(u).
17
Let x(v) = -v + 2. Let q(b) = 3*b + 52. Let g(i) = -i**2 - 2*i - 8. Let p be g(-4). Let t be q(p). Calculate x(t).
-2
Let m(b) = b**3 - 17*b**2 + 18*b - 15. Let x be m(16). Let o(n) = -x + n**3 - 3 + 21. What is o(0)?
1
Let b(h) be the second derivative of h**5/20 + 13*h**4/12 + 7*h**3/3 + 11*h**2 + 2*h. Let x be b(-12). Let u(z) = -z + 2. Determine u(x).
4
Let g(p) be the first derivative of p**4/4 + p**3/3 - 5*p**2/2 + 4*p - 23. Determine g(3).
25
Let q(h) = h**2 - 5*h - 41. Let r be q(10). Let z(a) = a + 4 - 8 + 0*a + 1. What is z(r)?
6
Let r(g) = 2*g**2 - 11 + 284*g - 297*g + 4. Give r(7).
0
Let d(g) = -3*g - 35. Suppose 0*s - 4*t = -5*s - 53, -s - t - 16 = 0. Calculate d(s).
4
Let s(b) = 2*b + b - 3*b - 4*b**2. Suppose -8*y - 1 - 7 = 0. Determine s(y).
-4
Let h(d) = -d - 10. Let j be 6 - 679/63 - 2/9. Determine h(j).
-5
Suppose -2*o = 2*o - 16. Suppose 3*k - 18 = 4*x, x = -2*x - o*k - 1. Let l(a) = -68 + 72 - a + 2*a. What is l(x)?
1
Let t(y) = 17*y**3 - 2*y**2 + 1. Let o = -150 + 149. Calculate t(o).
-18
Let d(k) be the second derivative of 5*k**3/6 + 3*k**2/2 + 98*k. Give d(-2).
-7
Let s(z) = z + 5. Let q(w) = w**3 - 8*w**2 - 7*w - 11. Let b be q(9). Let i(a) = -a**3 - 5*a**2 - 4*a + 2. Let d be i(-4). Suppose -d*u - 3 = b. Determine s(u).
0
Let w(q) be the first derivative of -q**4/4 - 14*q**3/3 + q**2/2 + 15*q + 135. Determine w(-14).
1
Let q(d) = -d**2 - 6*d + 2. Suppose -18*x - 64 = -2*x. Calculate q(x).
10
Suppose -28 = -2*m - 3*f - 13, 4*m + 3*f = 27. Let a(v) = -v**3 + 8*v**2 - 8*v + 2. Determine a(m).
26
Let f(k) = -2*k**2 - k + 1. Let y(l) = -6*l**2 - 2*l + 3. Let m = 32 + -32. Suppose m = -7*n + 5*n - 4. Let r(z) = n*y(z) + 7*f(z). Calculate r(-3).
-8
Let x(v) = v**3 + 2*v**2 + 3*v + 2. Let d(h) = h**2 - 21. Let f be d(5). Suppose f*n - 6 = -14. Calculate x(n).
-4
Suppose -4*b + 21 = 2*g + 3, -3*b + 4*g - 3 = 0. Suppose -m + 8 = 2*z - b*m, m = -z + 8. Let y(j) = j**2 - 8*j - 6. What is y(z)?
-18
Let o be (3 - 3)*(-1 - (-16)/12). Let x(n) = -n + 6. Calculate x(o).
6
Suppose 24*y = 23 - 191. Let j(k) = -k**3 - 7*k**2 + 2*k + 3. Give j(y).
-11
Let a = -2 + 4. Let u = 6 - a. Let b(o) be the second derivative of -o**4/12 + 7*o**3/6 + o**2/2 + 31*o. Give b(u).
13
Let g(m) = -57*m**2 + 23*m - 26. Let h(s) = 34*s**2 - 12*s + 13. Let b(x) = 3*g(x) + 5*h(x). Determine b(8).
-5
Let i be -6 - (-68)/(-32) - (-1)/8. Let l(t) = 3*t + 18. Determine l(i).
-6
Let a(f) be the third derivative of -f**4/24 - f**3/2 - 32*f**2. Let c be 43/6 + 4/(-24). What is a(c)?
-10
Let r(t) = -2*t + 26. Let c be r(2). Let z be 24/(-32) + 3/(24/c). Let s(v) = v - 2 + 1 - v**3 + v. Calculate s(z).
-5
Suppose 3*d = 2*t, 4*t - 7 = 3*d - 1. Suppose t*i + 10 = 2*z, 0 + 3 = -2*i + 5*z. Let r(n) = n**2 + 4*n + 5. Determine r(i).
5
Let q(z) = z**3 + z**2. Suppose -5*k = -n - 7, -9*n = -11*n - 4*k. Calculate q(n).
-4
Suppose 0 = 6*k - 8*k - 6. Let t be (-2 + (-7)/k)*-6. Let s(x) = x + 2. What is s(t)?
0
Let d(m) = 11. Let z(s) = 5*s - 76. Let l(i) = 3*d(i) + z(i). Determine l(10).
7
Let g be 210/(-63)*(-72)/5. Suppose 7*c - g = -13. Let m(d) = d**2 - 7*d + 4. What is m(c)?
-6
Let q(h) be the first derivative of -h**3/3 - h**2/2 + 49*h + 167. Determine q(0).
49
Let a = 6 + -8. Let o(p) = 16*p**3 - 7*p**2 + 12*p + 1. Let q(b) = -3*b**3 + b**2 - 2*b. Let y(f) = 2*o(f) + 11*q(f). What is y(a)?
-6
Let y(l) = l**2 + 8*l + 4. Let i = -155 + 147. Give y(i).
4
Let j(n) be the second derivative of -5/6*n**3 - 6*n + 1/2*n**2 - 4. Give j(-3).
16
Let n(f) = f**3 + 5*f**2 + 2*f - 3. Let v be 6*(-4)/((-72)/87). Let m = 25 - v. Determine n(m).
5
Let i(o) be the first derivative of -o**5/20 - o**4/12 + o**3/3 + 9*o**2/2 - 18. Let p(d) be the second derivative of i(d). Give p(2).
-14
Let r(p) = 3*p**3 - 5*p**2 - 10. Let h(m) = -m**3 - m**2 + m + 1. Let f(i) = 2*h(i) + r(i). Determine f(6).
-32
Let j(p) = -10*p**2 - 1. Let n be (-4)/(-14) - (-10)/14. Suppose 0 = -m + d - 4*d + 12, -18 = -5*m - d. Suppose -m*l + 2 = -n. Give j(l).
-11
Let w(x) be the second derivative of x**4/12 - x**3/6 - 3*x**2/2 + 60*x. Calculate w(0).
-3
Let d(b) be the first derivative of 5/2*b**2 + 4 - 3*b. Suppose 0*u + 9 = -u - 3*q, -5*q - 17 = u. Give d(u).
12
Let h(m) = m**2 - 6*m + 6. Let s be h(6). Suppose 0 = w - s + 1. Suppose k - w*k = 20. Let t(x) = -x**2 - 7*x - 5. Give t(k).
5
Let i(t) = -t - 43*t**2 + 73*t**2 + 1 - 36*t**2. Give i(1).
-6
Let k be 770/(-66) + (-2)/(-3). Let u(o) = -o - 14. Determine u(k).
-3
Let b(z) = z**2 + z - 6. Let d be (-15 - 1 - 0)*(-6)/8. Suppose -5*j - d = -2*w - w, 3*j = 5*w - 20. Calculate b(j).
-6
Let o(q) = -q**2 + 4*q. Let d(t) = t**2 + 7*t + 12. Let x be d(-4). Suppose 5*f - 4*y = x, -1 = 3*f - 3*y + 2. What is o(f)?
0
Let k(h) = h**3 - 5*h**2 + 2*h + 2. Let q be k(5). Let u = 23 - q. Let n = -11 + u. Let f(t) = t**3 + 5. Determine f(n).
5
Let b(q) be the second derivative of q**3/2 - 7*q**2/2 + 12*q. Suppose 20*h + 6*h = 130. Calculate b(h).
8
Let b(p) = -50 + 20 + 14 + 3*p + 15. Suppose 4*w = -1 + 5. What is b(w)?
2
Let n be (-1)/2*(-1 - 1). Let b(v) = 1 - n + 2 + v**2 + 4 - v. Let g = -56 + 56. What is b(g)?
6
Suppose 5*o - 3*l = 62, 4*l - 30 - 13 = -3*o. Let j = o - 9. Suppose -z + 5 = j*z. Let x(f) = 5*f**3 + f. Give x(z).
6
Suppose 0 = w + 8 - 16. Let y be 0/(w/4) - 5. Let z(a) = a + 5. What is z(y)?
0
Let j(d) = -d**2 + 3*d + 4. Suppose -16*c - 21 = -23*c. Determine j(c).
4
Let q(y) = 6*y**3 + 4*y**2 - 7*y + 11. Let w(a) = -7*a**3 - 5*a**2 + 8*a - 13. Let s(v) = 6*q(v) + 5*w(v). Give s(2).
1
Let d(m) be the first derivative of 7/2*m**2 - 10/3*m**3 + 1/4*m**4 + 12*m - 33. Determine d(9).
-6
Let a = 57 + -61. Let j(m) be the third derivative of -1/6*m**4 + 0*m + 1/3*m**3 + 0 - 1/60*m**5 + m**2. What is j(a)?
2
Let i(j) = 3*j - 6*j**2 - 3*j - 4*j**2 + 4*j + 9*j**2 + 3. Suppose 1 = -5*s - 5*t + 11, -s - 4*t - 7 = 0. Give i(s).
-2
Let i(p) be the second derivative of -p**4/6 + 5*p**3/6 + 2*p**2 + p. Let k(o) = -47*o - o**3 + 51*o + 2*o**3 + 0*o**3 + 5*o**2. Let s be k(-2). What is i(s)?
-8
Let z(d) = -d**2 + 2*d + 7. Suppose 57 = 11*v + 2. Calculate z(v).
-8
Suppose -7*s + 4*s + 12 = 0. Suppose -s*l - 2*c + 6*c - 8 = 0, 0 = -5*l - 4*c - 55. Let x(k) = k + 3. Give x(l).
-4
Let d(s) = -s**3 + 12*s**2 + s - 12. Let r be d(12). Suppose -2*j + 8 + 2 = r. Let q(l) = -3 + 0*l - l + j. Give q(-3).
5
Suppose -3*m + 1 = -2*m, m = -5*h + 1. Let o be -1*(-3 + -1 + h). Suppose -o*f - 9 = 3. Let z(n) = 2*n**2 + 4*n. Calculate z(f).
6
Let o(x) = 0*x**3 + 3*x**3 - 4*x**3 - 2 + 8. Let c be (2 + 1 - 7)*-1. Suppose 0 = c*p - 8, -4*p = -2*r - 3*p - 2. What is o(r)?
6
Let o(j) = 17*j + 38. Let h(m) = -13*m - 36. Let z(x) = 5*h(x) + 4*o(x). What is z(8)?
-4
Let f(v) = -2*v**3 - 2*v**2 - 2*v**3 - 3*v + 8*v**2 - 3*v**2 + 1. Let p be f(1). Let a(i) = i - 1. Calcul